
-4
Suppose -51 = -5*a - 4*g - 4, -4*g = -5*a + 23. Suppose 2*t - 4 - 2 = 0. Suppose -t = -d - a, 2*x + 14 = -3*d. Let k(p) = 3*p**2 + p + 1. What is k(x)?
3
Let t be (3/(12/(-16)))/(-2). Let y(x) = 0*x + 3*x + 9*x**2 - t*x**3 - 4*x**2 + 3*x**3 + 1. Determine y(-3).
10
Let d(t) = 7*t + 6. Suppose 5*h - 7 = -27. What is d(h)?
-22
Let d(g) = 2*g + 3*g - 4*g. Let r = 47 - 31. Suppose 1 = -5*y - 3*q, 5*q - r + 3 = -y. Determine d(y).
-2
Suppose -4*l + 18 = -l. Let v(w) = l*w - 2 + 4*w**2 - w**2 - 4*w**2. Calculate v(4).
6
Let n(a) = -a**2 - 3*a - 2. Let k be (-3)/(-3)*15/1. Let f(g) = -3*g - 7. Let b be f(-5). Suppose k = -b*v + 3*v. What is n(v)?
-2
Let g(u) = 7*u - 4. Let s(j) = 13*j - 7. Let n(c) = 11*g(c) - 6*s(c). Determine n(2).
-4
Let y(z) = 5*z**3 - 5*z**2 - 3*z. Let x(j) = 11*j**3 - 11*j**2 - 6*j + 1. Let b(d) = -4*x(d) + 9*y(d). Determine b(3).
5
Let w(p) = -p**2 - 5*p + 4. Let r be (12 - 2)/(-1 - 0). Let l = -15 - r. Determine w(l).
4
Let q(v) = v - 4. Let s = 8 - 3. Suppose 5*o = o + s*j + 5, 6 = 2*j. Suppose -4*x - o = -5*x. Determine q(x).
1
Let u(c) = -c**3 + 5*c**2 + 2*c + 1. Let b = -121 - -126. Give u(b).
11
Let c(a) = -a + 1. Let r be (-10 - -6)*2/4. Determine c(r).
3
Let u(z) = -z**3 - 1 + 0*z + 2*z + 4*z**2 - 2. Let v = -352 - -356. Calculate u(v).
5
Let n(v) = -v - 22. Let f be n(-18). Let m(d) = d**3 + 4*d**2 - d. Determine m(f).
4
Let i(r) = -3*r**2 + 8*r + 15. Let p(w) = w**2 - 4*w - 7. Let u(x) = 2*i(x) + 5*p(x). What is u(-6)?
-17
Let b(a) = -a**2 - 4*a + 1. Let i(h) = h + 5. Let z be i(-5). Let p = -3 - z. Give b(p).
4
Let u(p) = -5*p - 1. Let z be u(1). Let i(y) = -y**3 - 5*y**2 + 6*y - 7. Determine i(z).
-7
Let s(f) be the second derivative of f**4/12 - 2*f**3/3 - 2*f**2 - 4*f. Calculate s(5).
1
Let i be -3*2*(-1)/(-3). Let r(m) = -2*m**2 - 4*m - 1. Let p(v) = 2*v**2 + 5*v + 2. Let n = 10 + -14. Let a(k) = n*r(k) - 3*p(k). Give a(i).
4
Let b(j) = 2*j**2 + j + 1. Let h(t) = 5*t**2 + 2*t + 2. Let p(a) = 13*b(a) - 6*h(a). Give p(-1).
-4
Let w(y) be the first derivative of y**3/3 - 2*y - 2. Suppose 0 = -t + 4*p + 11, 5*p + 5 = 5*t - 5. Let h be (t + 1 - 0)/(-1). What is w(h)?
-2
Let p = 27 - 9. Let a be 3/p*-2*-9. Let t(f) = f**2 - 4*f + 2. Determine t(a).
-1
Let x(g) = -g**2 + 5*g - 5. Suppose -10*l + 18*l - 40 = 0. Give x(l).
-5
Let x(o) = -4*o + 4*o - 6*o + 4*o - 6. Suppose -2*d = -0 + 16. Let v = -12 - d. Calculate x(v).
2
Let s(j) = -j**3 - j**2 - j + 11. Suppose -3*z + 2*g - 12 = -2*g, -9 = 3*z - 3*g. Suppose 2*l = -l + 4*a + 16, z = -2*l + 3*a + 12. Calculate s(l).
11
Let y(m) be the third derivative of 0 + 2*m**2 + 1/24*m**4 + 0*m + 1/3*m**3. Let x be (-94)/18 - 4/(-18). Calculate y(x).
-3
Let o(u) be the first derivative of 0*u - 3 + 11/2*u**2. Determine o(1).
11
Suppose -f + 5*f = -4*x - 32, -32 = 4*f + 2*x. Let h(c) = 3*c + 11. Calculate h(f).
-13
Let o(u) = -4*u + 1. Let h be 24/(-16) - (-2)/4. What is o(h)?
5
Let u(n) = 5 - 10*n**2 - 2*n - 2 - 4. Suppose 2*j = -2 - 2. Let m = -3 - j. Calculate u(m).
-9
Let b(l) = 4*l + 10. Let c(j) = 3*j + 10. Let x(z) = -4*b(z) + 5*c(z). Give x(0).
10
Suppose t - i + 1 = 0, 0 = -0*i + i - 5. Let x(b) = 6*b + 2*b - t*b. Suppose u - 2 = -1. What is x(u)?
4
Suppose -v - 24 = -t - 3*t, -v + 18 = 2*t. Let n(b) = b**3 - 6*b**2 - 7*b. Let s be n(t). Let z(p) = 6 + p + 9*p**3 - 8*p**3 - 2. Calculate z(s).
4
Let c(k) be the first derivative of -2*k**2 + 5*k + 2. Suppose -3*h + 30 = -0*h. Let n be h*(0 + 4/10). Calculate c(n).
-11
Let h(k) = 4*k + 0*k + 2 - 3*k - 4. Let x(b) = 3*b**3 - 4*b**2 + 3*b. Let o(p) = 2*p**3 - 2*p**2 + p. Let u(v) = 5*o(v) - 2*x(v). Let s be u(-1). What is h(s)?
-7
Let y(l) = -5*l**2 + 25*l - 28*l + 4*l**2 - 6. Give y(-4).
-10
Let m(g) = -g**3 - 3*g**2 + 2*g - 4. Let i be m(-4). Let n(z) = -2 - z + 0 + 7 - 1 + z**3 - 4*z**2. What is n(i)?
0
Let v(d) = d**2 - 3 + 2*d + 1 + 3. Let h be v(-3). Let k(c) = h*c + c - 4*c. Give k(4).
4
Let v be 0/((-6)/3)*-1. Suppose -3*w + 3*o + 2 = -10, -5*w + o + 16 = v. Let r(c) = -w - 5*c**2 + 3*c**2 - 2*c + 4*c**2 - c**2. What is r(-3)?
12
Let a(p) be the first derivative of 3*p**2 + p + 1. Determine a(-2).
-11
Let t(r) = 2*r - 2 + 6*r - 9*r + 0. Suppose 0 = -2*k - 3*h + 3, -2*k = -6*k - h + 21. Let m(i) = i**2 - 7*i + 6. Let y be m(k). Give t(y).
-2
Let b(o) = -5*o**2 + 3*o + 1. Let l(d) = 11*d**2 - 7*d - 2. Let c(i) = -13*b(i) - 6*l(i). Give c(2).
1
Let v(q) be the third derivative of -q**6/120 + q**4/24 + 3*q**2. Let s(l) be the second derivative of v(l). Give s(1).
-6
Let a(d) be the third derivative of d**5/60 + 7*d**4/24 + 4*d**3/3 + 4*d**2. Let y = -4 - 2. Calculate a(y).
2
Let r(g) = g**3 - 5*g**2 - 8*g + 1. Let t be r(6). Let l = t + 6. Let n(h) = h**2 + 5*h. What is n(l)?
0
Let l(c) = -c**2 - 2*c + 4. Let s(r) = r + 8. Let v be s(-12). What is l(v)?
-4
Suppose -4*r + f = -3*f - 24, 3*f = -5*r + 22. Let y(p) be the second derivative of 5/2*p**2 + 1/20*p**r + 0 + 1/3*p**3 + 5/12*p**4 + 2*p. Give y(-5).
-5
Let g(k) = k**2 + k - 1. Let w(f) = -3*f**2 + 4. Let u(a) = -5*g(a) - w(a). Let n(s) = s**2 + 5*s + 2. Let t be n(-3). Calculate u(t).
-11
Let m(s) be the third derivative of -s**4/24 + s**3/3 - 4*s**2. Give m(-4).
6
Let o(j) be the first derivative of j**4/4 - 5*j**3/3 + j**2 - 5*j + 14. Give o(5).
5
Let j(v) = -v - 12 + 3*v + 14. Let b(s) = 6*s**2 - 3 + 3*s**3 - 3*s**3 - s**3. Let g be b(6). Calculate j(g).
-4
Let x(u) = -u**2 - 5*u + 1. Let w(y) = -2*y**2 - 9*y + 2. Let z(o) = -3*w(o) + 5*x(o). Determine z(-2).
-1
Let y(a) = -a**2 + 10*a + 11. Let b(d) = -2*d + 23. Let x be b(6). What is y(x)?
0
Suppose -5*o = -5*b + 70, 0 = 5*b - 2*o + 17 - 90. Suppose -2*u + 3*u = -4*k - b, -2*u - 3*k = 5. Let m(z) = -z + 0*z + u*z - 2. What is m(2)?
6
Let r = -114 + 111. Let u(z) be the second derivative of 0 + z + 7/2*z**2 + 1/6*z**3. What is u(r)?
4
Let y(k) = 5*k**3 - 2*k**2 - k. Let u be 26/7 - (-10)/35. Suppose 5*i = i - u. Determine y(i).
-6
Let t(y) = 2*y + 5. Suppose 60 = -4*j - 2*r, 0 = -6*r + r + 10. Let w = j + 11. Give t(w).
-5
Let i(p) = 4*p + 7. Let v(q) = -4*q**2 + q. Let t be v(-1). Calculate i(t).
-13
Let w be (-2)/(-8) - (-1)/(-4). Let t(l) = l**3 - l**2 - 5. Determine t(w).
-5
Let h(o) = o**3 - 6*o**2 + 5*o - 3. Suppose -4*g + 5*b = 17, g + 23 = -b + 6*b. Suppose -2*k + 8 = -g. What is h(k)?
-3
Let i(s) = s**2 + 5*s + 4. Let r(w) = -w**2 + 16*w - 5. Let h be r(16). Calculate i(h).
4
Let w be (13 - 15) + 5*1. Let l = 6 + -4. Let v(g) = -l*g**2 + 3*g**2 - 1 - 3. Calculate v(w).
5
Let w(d) = 11*d**3 + 7*d**2 - 13*d - 20. Let i(k) = -4*k**3 - 2*k**2 + 4*k + 7. Let n(m) = -8*i(m) - 3*w(m). Give n(-6).
-2
Let f(m) be the third derivative of -6*m**2 - 1/24*m**4 - 1/6*m**3 + 0*m + 0. Determine f(-2).
1
Let p be 1/(12/9) + (-26)/(-8). Let d(v) = v**2 - 3*v + 1. Give d(p).
5
Let i(h) be the first derivative of -h**6/120 - h**5/10 - h**4/6 + 5*h**3/6 - 3*h**2 - 5. Let j(y) be the second derivative of i(y). Calculate j(-5).
0
Let c(n) = -n**3 - 8*n**2 + 10*n + 11. Let l be c(-9). Let z(m) = 2*m**2 - 1. Give z(l).
7
Let f(g) = g - 8. Suppose -4*d - 2 = -t, -3*t + 0*t - 4*d + 22 = 0. Calculate f(t).
-2
Let v(m) be the first derivative of -3*m**2/2 + 3*m + 23. Suppose 0 = 2*w + 10, -u + 3*w = -7 - 10. What is v(u)?
-3
Let d(l) = l**3 + 4*l**2 + 3*l + 2. Suppose 0 = 6*i - 4*i + 4. Give d(i).
4
Suppose -3*y - d + 8 = 30, -4 = d. Let o(a) = a**3 + 7*a**2 + 7*a + 3. What is o(y)?
-3
Let i(v) be the first derivative of -v**4/4 + 4*v**3/3 - v**2/2 - 2*v + 4. Give i(3).
4
Let f be ((-4)/(-2))/(2/8). Let u = -8 + f. Let r(j) = j. Calculate r(u).
0
Suppose 210 = 3*a + 2*a. Let q(d) = -42*d**2 + 1 + d**3 + a*d**2 + d. What is q(0)?
1
Let k = 0 + 0. Let f(c) = -6 + k*c**2 + 4*c - 3 + 8 - c**2. Calculate f(3).
2
Let g(k) be the first derivative of 2*k**3/3 - k**2 + 49. Determine g(2).
4
Let z(n) = n**2 - 7*n + 8. Suppose 0 = 4*k - 2*s - 18 - 12, 4*k = 3*s + 33. Let g be z(k). Let h(d) = 2 - d - 4 + g. What is h(2)?
-2
Suppose -n + 6 = -0*n. Suppose 2*m + 5*q = 20, 6 + n = 3*q. Let y(w) be the second derivative of w**4/12 - w**3/6 + w**2/2 - 10*w. What is y(m)?
1
Let y(j) = -j**2 - 3*j + 2. Let h(u) = -u**2 - 3*u + 2. Let q be h(-5). Let a be (4 - 5) + (6 - -1). Let b = q + a. Determine y(b).
4
Let v(b) = b**3 - 7*b**2 - 2. Let u(c)